osite?
True
Let c(w) = -256*w - 128. Let a be c(-5). Suppose 5*y + 5 = 4*l, 7 - 18 = -2*y - l. Suppose -2*n = y*p - 857, 3*n + a = 4*p + n. Is p composite?
True
Suppose 2*q + 4*x = 4*q - 906, -3*x + 1359 = 3*q. Suppose -f + 1370 = -5*n + q, 4*n = -4*f + 3644. Is f/1 + (5 - 6) composite?
False
Let p(x) = 2*x**2 + 60*x + 105. Let s be 176/(-4) + -1*(-3 - -5). Is p(s) prime?
False
Let n be 3/2*(4/(-6))/(-1). Is 5507*(4 + -3 + -1 + n) a prime number?
True
Let w be (-62)/18*95 - (-40)/180. Suppose -4*s - u - 348 - 217 = 0, 2*s = 2*u - 270. Let y = s - w. Is y a composite number?
True
Let k(r) be the second derivative of -5*r + 7/4*r**4 + 0 + 11/2*r**2 - 1/6*r**3. Is k(-5) prime?
True
Suppose 150112 - 2583478 = -26*a. Suppose -54235 = -14*y + a. Is y a composite number?
False
Suppose -5*z + 552 = i - 2936, 0 = -2*i - z + 7012. Suppose -y + 3*u + i = 0, y - 2*u = 3114 + 393. Is y composite?
True
Suppose 214*x + 492799 = 2204157. Is x a composite number?
True
Let q(s) = 530*s + 107. Suppose 4*i + 0 = -5*y + 67, -5*i + 59 = -2*y. Is q(i) a prime number?
True
Suppose -2*p + f + 33 = -4*f, 53 = 4*p + 3*f. Suppose -p*d = -9*d - 12795. Suppose -3*j + 6*j = d. Is j composite?
False
Let j(u) = 1066*u**2 - 227*u + 14. Is j(-13) composite?
False
Suppose -2*s = -c + 3, -12 = -c - 2*s - 29. Let p(y) = 34*y**2 - 131*y + 8. Is p(c) composite?
False
Let w(m) = 19 + 2502*m + 25 - 1714*m. Let q be w(-10). Is -1 - q/(-4 + 7) prime?
False
Suppose 2*l = -180*r + 181*r + 1767618, -l + 2*r + 883815 = 0. Is l a composite number?
False
Let v = 823878 + 514699. Is v composite?
True
Let x(p) = -241*p + 129. Is x(-52) prime?
False
Let w be (-3404704)/(-10) - 48/120. Suppose 0 = -12*t + w - 80706. Is t a composite number?
False
Suppose 27*t + 2561097 = 38*t. Suppose 7*x - t = -14*x. Is x composite?
False
Let m be 0 - -5744 - (-1)/1. Suppose 5*b + 2*g - 9582 = 0, 2*b + b = 3*g + m. Let n = -1159 + b. Is n composite?
False
Let m(v) = -256*v**3 + 2*v**2 - v + 1. Let p be ((-2)/(-4))/(3 - (-26)/(-8)). Is m(p) prime?
False
Suppose m = 4*r + 195961, -192*m + 195937 = -191*m + 4*r. Is m prime?
False
Is (-1184)/148 - 3*-13367 a prime number?
True
Suppose 0 = -64*a - 58292 + 343924. Is a prime?
True
Suppose 0 = -22*q + 18*q + 72. Suppose 7*r + 38401 = q*r. Is r composite?
False
Let f = -7276 - -12989. Is f composite?
True
Let t = -3 + 5. Suppose 0 = -433*q + 428*q + 30. Is (447/q)/(1/t) a prime number?
True
Let u(q) = -2156*q + 15. Let z be u(3). Let b = -742 - z. Is b a prime number?
True
Let v(k) be the third derivative of 37*k**6/8 + k**5/20 - 5*k**4/24 + 8*k**3/3 - 60*k**2. Is v(3) prime?
True
Let w(u) = 14 + 4*u + 0*u - 3*u - 3*u. Let g be w(6). Suppose 1874 + 1436 = g*k. Is k a prime number?
False
Suppose 5*i - 17707 = -j, -21*i + 53145 = 3*j - 18*i. Is j prime?
False
Let b = 192279 + 82066. Is b prime?
False
Let r = -67448 - -99519. Is r composite?
True
Let z(o) = 5*o**3 - 163*o**2 + 92*o + 31. Is z(44) a composite number?
True
Is -23 - (-30 - -4) - 20698*-8 a prime number?
True
Let g(y) = y**2 + y - 2. Let d be g(-2). Let h(r) = -r**3 - 9*r**2 - 8*r + 45. Let s be h(-7). Suppose -5*x + 10 = 0, d = u - s*u - x + 1084. Is u prime?
True
Suppose -5*h - 16 = -3*q - 4*h, -5*q + 3*h + 20 = 0. Suppose -q*c - 180 = -c. Let o = c + 401. Is o a composite number?
True
Let z(b) = -3*b**2 + 5*b + 79303. Is z(0) a prime number?
False
Let a(y) = -4756*y + 49. Is a(-6) a prime number?
False
Let j(p) = p**2 - 14*p + 43. Let i be j(8). Let q(y) = -999*y + 116. Is q(i) prime?
False
Let d = 71313 + -32492. Is d a prime number?
True
Suppose -8*u = -6*u + 5*v - 681616, 0 = -3*u - 4*v + 1022431. Is u a composite number?
True
Suppose 6*t = -31*t - 269508. Let j = t + 17953. Is j prime?
False
Let n be (10/5)/(2/27). Let h = -27 + n. Suppose -3*y - 2*y + 6295 = h. Is y prime?
True
Suppose 3*j - 56 = -5*b + 3, -4*b = 3*j - 58. Suppose -1011 = 15*g - j*g. Is g a prime number?
True
Let b = 17 - 14. Suppose 0 = 3*h + 5*k - 10346, -4*h - 4*k + 13823 = -b*k. Is h composite?
False
Suppose 4527*n - 4518*n - 40266 = 0. Is n composite?
True
Suppose -16 + 16 = 13*c. Suppose c = 7*z + 29021 - 353016. Is z a composite number?
True
Let b(c) = 303*c**2 - 12*c + 31. Let m be b(4). Is (m/4)/(((-66)/24)/(-11)) prime?
True
Let b = 6565 + -29927. Let w = -3113 - b. Is w a prime number?
True
Let o be -4 - (0 - -69)/(-3). Suppose -o + 20 = -y. Is y/(-4 + 7015/1754) a prime number?
False
Let p(m) = m**3 + 5*m**2 - 12*m + 2. Let x be p(-6). Suppose 0 = -8*w - x - 26. Is (838*(-2)/w)/2*4 a prime number?
True
Let p = 120 + -117. Suppose p*v - 19*v + 36112 = 0. Is v composite?
True
Is (2436/290 - (-4)/(-10))*(-362931)/(-24) a prime number?
True
Let m = 20 - 12. Suppose 5*k + 0*k + 4*l = 30083, 4*l = -3*k + 18053. Suppose -m*x = -11*x + k. Is x prime?
False
Let h(z) = -512*z + 35. Let a be h(-3). Suppose -4*t - 8 = -4*c, -3*c - 3*t - 2 = -5*c. Suppose -2*p + 6*p = c*k - 2132, -4*p = 3*k - a. Is k a prime number?
False
Is 15 + -7 + 7 + 115406 composite?
False
Is -32 - 3528/(-108) - 172034/(-6) composite?
True
Let o be -4 + -1 - 0 - 0. Let k(a) = -72*a - 7. Let i(n) = 71*n + 7. Let g(b) = o*k(b) - 6*i(b). Is g(-9) a prime number?
True
Is 113234/(-33)*21/(-2) a composite number?
True
Let s = -29816 - -265903. Is s a composite number?
False
Suppose 2*t - t = 4*d + 160947, 2*d + 804825 = 5*t. Is t a prime number?
True
Suppose -24 = -o - 2*b, -4*o + 78 = -b + 3*b. Is (-4)/o*(-9)/(-6)*-32733 prime?
False
Suppose 4*l = -4*d + 872924, -819*d + 654677 = 3*l - 814*d. Is l prime?
False
Let m be ((-519)/(-15))/(14/280). Suppose p - m = -2*c + 19, -2165 = -3*p + 2*c. Is p prime?
True
Let a(i) = 4026*i**2 + 10*i - 4. Let x be a(-3). Suppose 0 = 9*f + x - 101333. Is f a prime number?
True
Let f be -2*(-1)/(-6) + 35016/18. Let s = -7358 + f. Is (s - 1)*(-10)/20 prime?
True
Suppose 2*i - 6 = 6. Let h be i/4*1328/12. Let z = 1995 + h. Is z composite?
False
Let s(k) = k**2 - 6*k - 16. Let u be s(10). Suppose -448 = 17*m - u*m. Suppose 5*r + m - 1179 = 0. Is r a composite number?
False
Suppose 5*h - 2*h + 18 = 3*t, 0 = 5*h + 20. Suppose -4*q + 2022 = t*q. Is q a prime number?
True
Suppose 4*m - 5*f = -5, -3*m + 4*f + 5 = 2*f. Suppose -m*y + 751 = -r, -r - 3*r + 596 = 4*y. Let l = 53 + y. Is l prime?
False
Let s = -1012 + -72. Let w = 2205 + s. Is w a composite number?
True
Suppose 9*b + 2*s = 12*b - 1948, 5*b = 3*s + 3246. Suppose 13*x - b = 431. Is x a prime number?
True
Let a(z) = -23*z**3 - 37*z**2 - 119*z + 5. Is a(-12) a composite number?
True
Is 60560164/1773 + ((-2)/(-18))/1 prime?
True
Suppose -3*x + 2144669 = 4*z, 4*z + 62 = 46. Is x composite?
True
Suppose 29 + 1 = 5*c + 4*y, 3*y - 6 = -c. Let g be (-1)/c - 6685/(-6). Suppose 0 = r - 5*i - g, -3*r + i + 3*i + 3309 = 0. Is r composite?
True
Suppose 0 = -3*n + 122 + 46. Suppose 0*a - n = -7*a. Suppose 3848 = a*k - 608. Is k a composite number?
False
Suppose 3*n - 4*o - 323165 = 585004, -o - 1210892 = -4*n. Is n prime?
True
Let f(b) = -4*b**2 + 1. Let x be f(-1). Let i(j) = j**3 - 2*j**3 - 20*j**2 - 22*j**2 + 56*j**2 - j - 11*j**2 + 1. Is i(x) prime?
False
Let d = -13223 - -139056. Is d a prime number?
False
Suppose -19*v + 17*v = -0*v - 35338. Is v a composite number?
False
Let u = -462 + 461. Is 6190 + 12 + -6 - u prime?
True
Suppose 5*b - 2*j = 2027363, 22*j - 2027361 = -5*b + 26*j. Is b composite?
False
Let b(x) = 3406*x**2 - 70*x - 17. Is b(9) prime?
False
Let s(t) = 8*t + 92. Let f be s(-11). Is 1243/2 + 4/(4 + f) prime?
False
Let c = 102 - 70. Suppose 0*s - c = -4*s. Is s/(-20) - 27696/(-15) - -3 composite?
True
Let v = -205339 - -378296. Is v composite?
True
Suppose 0*a = a, 5*m = -5*a - 65. Let c(s) = -321*s + 38. Is c(m) composite?
False
Suppose 0*r - 3*v = 5*r - 1370, -3*r + 822 = v. Let d be r/(5/(-7) - -1) + 3. Let m = 2011 - d. Is m prime?
True
Is ((153/72)/17)/(12/17733216) composite?
False
Suppose q = -p + 6938, 4*p = -5*q + 12352 + 15403. Let d = p - 4458. Is d prime?
True
Let x be 60/(-8)*(-80)/300. Suppose 2*b - 4*b + 4*y = -6178, 4*b = x*y + 12326. Is b composite?
False
Let q = 205798 - 122717. Is q a composite number?
True
Let v(m) = -455*m + 9. Let w be v(2). Suppose -3*r - 1841 = 2*p - p, 2*r - 3674 = 2*p. Let g = w - p. Is g prime?
True
Let f(r) be the first derivativ